factor of 46198 and 142.
2
Calculate the greatest common divisor of 7714297 and 18112.
283
Calculate the highest common divisor of 4328088 and 696.
24
Calculate the highest common factor of 535 and 191063908.
107
Calculate the highest common divisor of 184659822 and 1026.
342
What is the highest common factor of 21 and 1874475288?
21
Calculate the greatest common factor of 2086 and 4248288.
298
What is the greatest common factor of 623821993 and 482?
241
What is the greatest common divisor of 2624 and 266290736?
656
What is the greatest common factor of 53940600 and 2100?
2100
Calculate the greatest common factor of 710 and 11407570.
710
What is the greatest common factor of 663 and 5052774?
51
What is the highest common factor of 221 and 186941911?
221
Calculate the greatest common divisor of 164934 and 28404222.
3234
What is the highest common divisor of 12 and 55807791?
3
Calculate the highest common divisor of 57673596 and 24.
12
Calculate the greatest common factor of 88 and 503718424.
88
What is the highest common factor of 1185541 and 1743?
7
What is the highest common factor of 193536 and 196?
28
Calculate the greatest common divisor of 4311657 and 3969.
1323
Calculate the highest common divisor of 272 and 3648812.
68
What is the highest common factor of 1716 and 77143044?
132
Calculate the greatest common divisor of 231 and 16416141.
21
Calculate the highest common factor of 22 and 359364775.
11
Calculate the highest common factor of 4084 and 991391.
1021
Calculate the highest common divisor of 71632200 and 4.
4
What is the greatest common factor of 364 and 690852253?
91
What is the highest common factor of 5 and 69469105?
5
Calculate the highest common divisor of 144630303 and 37686.
1713
Calculate the highest common factor of 85466086 and 2758.
394
Calculate the highest common factor of 3536400 and 10560.
240
What is the greatest common factor of 60065 and 141245?
205
What is the greatest common factor of 3268016 and 328?
8
What is the greatest common factor of 29198 and 63934?
26
What is the highest common divisor of 25639631 and 444?
37
What is the greatest common factor of 220 and 5903216?
44
Calculate the greatest common divisor of 410234 and 5566.
22
What is the highest common factor of 4964 and 211140?
68
What is the highest common divisor of 14111925 and 15?
15
Calculate the greatest common divisor of 68934 and 23790.
6
Calculate the highest common divisor of 3059 and 422622263.
3059
Calculate the highest common factor of 4607680 and 1156.
68
What is the greatest common factor of 2787433 and 18183?
209
What is the greatest common factor of 1103160 and 266800?
1160
What is the greatest common divisor of 44907289 and 14?
7
Calculate the greatest common factor of 4403476 and 10098.
374
Calculate the greatest common factor of 49 and 2633344.
7
What is the highest common divisor of 468372 and 506?
46
Calculate the highest common divisor of 13868868 and 36.
12
What is the greatest common divisor of 56730 and 754602?
186
What is the greatest common divisor of 33668 and 9006?
38
What is the highest common divisor of 6183 and 433809?
27
Calculate the highest common divisor of 15244 and 523652.
412
Calculate the greatest common divisor of 13921498 and 291164.
1754
What is the highest common divisor of 679056 and 10608276?
3948
What is the greatest common factor of 12397868 and 28?
28
What is the highest common divisor of 7908901 and 7007?
1001
Calculate the highest common divisor of 1300987 and 551.
19
What is the highest common divisor of 480878826 and 6?
6
Calculate the highest common divisor of 8621 and 159951.
37
Calculate the greatest common divisor of 375 and 70264875.
375
What is the highest common divisor of 75216060 and 209?
19
What is the highest common factor of 2654 and 469245778?
2654
What is the greatest common divisor of 4 and 8762983?
1
Calculate the greatest common factor of 789 and 42328535.
263
What is the greatest common factor of 17 and 11346497?
17
What is the highest common factor of 102997888 and 384?
128
What is the highest common divisor of 436 and 167897278?
218
Calculate the greatest common divisor of 2042818 and 1276.
58
Calculate the greatest common divisor of 28832874 and 56.
14
Calculate the highest common divisor of 83125 and 9639.
7
What is the greatest common divisor of 419 and 2234856753?
419
What is the greatest common divisor of 213246 and 83322?
54
What is the highest common factor of 2426770825 and 30350?
15175
What is the highest common factor of 2650896 and 536?
8
What is the highest common factor of 41950360 and 40?
40
Calculate the highest common divisor of 29849376 and 912.
48
What is the highest common factor of 174733902 and 98?
98
Calculate the greatest common divisor of 317163552 and 6.
6
Calculate the greatest common factor of 2470216 and 392.
56
What is the highest common divisor of 4544 and 11779042?
142
Calculate the highest common divisor of 639872 and 896.
128
Calculate the highest common divisor of 55361 and 8566513.
2407
Calculate the highest common factor of 3073984 and 120.
8
What is the greatest common factor of 83206347 and 119?
119
What is the greatest common factor of 4487 and 404471?
641
Calculate the highest common divisor of 963 and 35218301.
107
What is the greatest common divisor of 1748 and 2583107?
437
Calculate the greatest common divisor of 1199 and 30836839.
11
What is the greatest common factor of 11732448 and 14824?
136
Calculate the greatest common factor of 1 and 12683293.
1
Calculate the highest common factor of 2380738 and 208069.
893
What is the greatest common divisor of 7 and 558113?
1
What is the greatest common divisor of 26 and 5125042?
26
What is the highest common divisor of 3484491 and 27?
3
Calculate the highest common divisor of 1496 and 17118728.
1496
Calculate the highest common divisor of 127088 and 13333424.
2704
Calculate the highest common divisor of 56442773 and 246.
41
Calculate the greatest common divisor of 7775930 and 11036.
178
What is the highest common divisor of 2469937817 and 107?
107
What is the highest common divisor of 469 and 59961181?
469
What is the highest common factor of 8551630 and 1035?
115
Calculate the highest common factor of 683496 and 23494312.
6904
Calculate the greatest common divisor of 57222 and 60412.
22
Calculate the greatest common divisor of 7065 and 127832697.
1413
Calculate the greatest common divisor of 186755 and 968393.
911
What is the greatest common factor of 6732 and 1125828?
396
Calculate the greatest common factor of 25820316 and 24.
12
Calculate the greatest common factor of 115349069 and 55.
11
What is the highest common divisor of 960443090 and 20?
10
Calculate the greatest common factor of 167 and 58347462.
167
What is the highest common divisor of 24 and 712034988?
12
Calculate the greatest common factor of 4202 and 13803988.
22
Calculate the highest common factor of 414072 and 16827.
213
Calculate the greatest common divisor of 42471 and 1056978.
117
Calculate the greatest common divisor of 74906 and 1148849.
871
Calculate the highest common divisor of 2867172 and 8253.
21
What is the greatest common factor of 530142 and 894?
894
Calculate the greatest common factor of 24641000 and 220.
20
What is the highest common factor of 83661711 and 4977?
1659
What is the greatest common factor of 5631770 and 1550?
310
What is the greatest common divisor of 316200 and 840?
120
Calculate the highest common divisor of 237739932 and 171.
171
What is the highest common factor of 3744 and 92464?
16
What is the highest common divisor of 10653 and 284451?
159
What is the highest common divisor of 20146 and 112812?
14
What is the highest common divisor of 5208 and 1369890?
186
What is the highest common factor of 1060975 and 217?
31
Calculate the greatest common factor of 15 and 3266085.
15
Calculate the greatest common factor of 1711523 and 121.
11
What is the highest common factor of 208552737 and 214?
107
What is the highest common factor of 416 and 128024?
104
Calculate the highest common divisor of 1203 and 2096788098.
1203
Calculate the greatest common factor of 28045 and 1080325.
395
What is the greatest common factor of 161964168 and 272?
136
What is the highest common factor of 1997 and 9152251?
1